978
In base 7, what is -11503231041 - 2?
-11503231043
In base 10, what is -1181 - 12974?
-14155
In base 4, what is 3312323 + -2023033?
1223230
In base 14, what is -1689926 + 3?
-1689923
In base 6, what is 140 + 11335252?
11335432
In base 4, what is 10 + -11103020213103?
-11103020213033
In base 11, what is -5 - 1a738a2?
-1a738a7
In base 12, what is 0 - -a6a7a52?
a6a7a52
In base 7, what is 222222530 - 4?
222222523
In base 15, what is 7deab - 109?
7dda2
In base 6, what is 34515 - -222?
35141
In base 12, what is -5 + 139493?
13948a
In base 12, what is -b52261ab + -3?
-b52261b2
In base 7, what is -64210014 + -30?
-64210044
In base 12, what is -63a2 - 36?
-6418
In base 10, what is 4161099 + -42?
4161057
In base 8, what is 7160 - 52264?
-43104
In base 4, what is 2 - -3233211212233?
3233211212301
In base 4, what is 1022221 + 12100020?
13122301
In base 5, what is 1 + -2101420323?
-2101420322
In base 5, what is -3040 + -2202?
-10242
In base 6, what is 411105 + 4434?
415543
In base 15, what is -2e3 + -17d3b?
-1812e
In base 2, what is -1111 - 10110001111100010101010001?
-10110001111100010101100000
In base 13, what is 2b7cb2 + -5?
2b7caa
In base 3, what is -11211 - -1121002222221?
1121002211010
In base 16, what is -2bae93d + 3?
-2bae93a
In base 16, what is 30 + -14d664?
-14d634
In base 6, what is 10135005325 - 0?
10135005325
In base 4, what is 0 + -23222122332?
-23222122332
In base 5, what is 3 - 303203100?
-303203042
In base 7, what is -244 + 313530?
313253
In base 8, what is 43 + 4554717?
4554762
In base 5, what is -22114 + 1343413?
1321244
In base 8, what is -112612171 + 3?
-112612166
In base 12, what is -165374a - -5?
-1653745
In base 6, what is -2 - 3410034005?
-3410034011
In base 3, what is -10111212 + 2201101220?
2120220001
In base 16, what is 48 - 10ac87?
-10ac3f
In base 8, what is -37 - -7460267?
7460230
In base 7, what is 10 - 1042123130?
-1042123120
In base 11, what is 326 + -83829?
-83503
In base 6, what is -1304044242 + -1?
-1304044243
In base 15, what is -5dc5be8 - -a?
-5dc5bdd
In base 11, what is 1691102 + a?
1691111
In base 3, what is -1122021012 - -201120122?
-220200120
In base 12, what is -1a4a7ba + 12a?
-1a4a690
In base 4, what is -30200333130 - 221?
-30201000011
In base 2, what is -11010110110101101 + -1011011111101?
-11100010010101010
In base 7, what is -233453055 + 15?
-233453040
In base 11, what is a4106 + 4?
a410a
In base 9, what is -718 - 58160?
-58878
In base 9, what is 4624130 + 10?
4624140
In base 4, what is -13001020 + -20012023?
-33013103
In base 8, what is 164533370 - -13?
164533403
In base 9, what is 3 - -53043057?
53043061
In base 15, what is -b + 43c47?
43c3b
In base 16, what is 1a00b - 3?
1a008
In base 13, what is 13362b - -2a?
133658
In base 5, what is 22022413 - 304?
22022104
In base 10, what is -2 + -6846754?
-6846756
In base 11, what is 685293 - 79?
685215
In base 5, what is -2113304 - -32010?
-2031244
In base 3, what is 10220 + -2122112012?
-2122101022
In base 5, what is -10 + -14040010434?
-14040010444
In base 9, what is -384253 + 104?
-384148
In base 10, what is -1358747775 + 0?
-1358747775
In base 7, what is 222 - 4451?
-4226
In base 2, what is 101110001000111 + -10001000101100?
11101000011011
In base 10, what is 2 + 5244107?
5244109
In base 13, what is -244bc9 - -121?
-244aa8
In base 2, what is 1010101100000001 + -110010?
1010101011001111
In base 9, what is -10262252 + -44?
-10262306
In base 10, what is -162794 - -38?
-162756
In base 4, what is 10121330 - 11111?
10110213
In base 14, what is -2b9c0 + -79?
-2ba59
In base 11, what is 2739a + 63a8?
32797
In base 6, what is 305311553554 - 5?
305311553545
In base 8, what is -224 + 147552?
147326
In base 9, what is 28456 + -240?
28216
In base 10, what is 14039 + 16834?
30873
In base 13, what is -4 + -c9c75?
-c9c79
In base 12, what is -6 - -19274a?
192744
In base 12, what is -2 + 4a4aba8a?
4a4aba88
In base 5, what is -110334132 - -1141?
-110332441
In base 6, what is 1222502 - -33035?
1255541
In base 12, what is -6aa7 - 4385?
-b270
In base 13, what is 5 + 1cc597b?
1cc5983
In base 12, what is -6675 + -1291?
-7946
In base 7, what is 144461153 - -4?
144461160
In base 7, what is 1265 - 104?
1161
In base 8, what is 1607524 - 3625?
1603677
In base 8, what is -250 + 20122704?
20122434
In base 8, what is -52603 - 103?
-52706
In base 4, what is 1220223232130 + 2?
1220223232132
In base 12, what is 44 - -11a3?
1227
In base 2, what is -101 + 11000101011010110111110?
11000101011010110111001
In base 10, what is 91 - -441584?
441675
In base 2, what is 1000 - -10110011110110111101?
10110011110111000101
In base 4, what is 3132311 + -1111032?
2021213
In base 12, what is -4 + 14a54b8?
14a54b4
In base 16, what is 16ba + -13004?
-1194a
In base 6, what is -44254 + -14111?
-102405
In base 7, what is -35513136 - -33?
-35513103
In base 10, what is -4486 + -1607?
-6093
In base 15, what is -1b8e - 4b62?
-6801
In base 5, what is 340403230 + 4?
340403234
In base 16, what is 1dfe + -20741?
-1e943
In base 7, what is 124125 - -1540?
125665
In base 11, what is -1520 - -3564?
2044
In base 15, what is d - 5337d5?
-5337c7
In base 11, what is 193334 - -10?
193344
In base 7, what is -412211 + -30?
-412241
In base 10, what is 1395258 - 38?
1395220
In base 5, what is 4 - 314222404?
-314222400
In base 7, what is -63415006 + -3?
-63415012
In base 12, what is 3083a - -2a?
30868
In base 4, what is 10030221 + 2310002?
13000223
In base 6, what is -10410 + -2045?
-12455
In base 8, what is -5 - -66146644?
66146637
In base 5, what is -121 + 11441012331?
11441012210
In base 7, what is 4433426 - 3?
4433423
In base 5, what is -232024 - -123131?
-103343
In base 7, what is 3 - -451265551?
451265554
In base 5, what is -10 - 40003014240?
-40003014300
In base 8, what is 130711 - 3743?
124746
In base 14, what is -87719 + 6?
-87713
In base 13, what is 2 - 181b98b?
-181b989
In base 13, what is 8a7bc60 + -1?
8a7bc5c
In base 6, what is -203205 + 1442?
-201323
In base 15, what is -46d1 - 9c?
-477d
In base 3, what is -2210220 - -2100000?
-110220
In base 12, what is 53b777a + -1a?
53b7760
In base 7, what is 24 - 25516416?
-25516362
In base 8, what is -12641062 + 7?
-12641053
In base 13, what is 44 - 53ac6?
-53a82
In base 6, what is -10404305 + 12?
-10404253
In base 10, what is 244 - -57072?
57316
In base 5, what is 1200013143 - -10?
1200013203
In base 3, what is 120210 + -22120210?
-22000000
In base 9, what is -112 + 5486114?
5486002
In base 2, what is -10110 + 100101010100100101101?
100101010100100010111
In base 16, what is b + -244cb1f?
-244cb14
In base 10, what is -2118647 - -13?
-2118634
In base 7, what is 51402644 + -55?
51402556
In base 11, what is 18a610 - -33?
18a643
In base 8, what is -416 + 111463?
111045
In base 9, what is 186734276 - 11?
186734265
In base 16, what is 6e9ee + 2e?
6ea1c
In base 4, what is 1 - 21221120023123?
-21221120023122
In base 7, what is 5661 + -1130655?
-1121664
In base 16, what is -23176 - 1b4?
-2332a
In base 13, what is aa1 + -2a27?
-1c56
In base 14, what is -2 + a02b18?
a02b16
In base 3, what is -1000011201 + 100121201?
-122120000
In base 13, what is -1cb45728 - -5?
-1cb45723
In base 4, what is 32 - 1130313113?
-1130313021
In base 12, what is 95861 - -1761?
97402
In base 3, what is 21102200022211111 + 0?
21102200022211111
In base 14, what is -258 - -35006?
34b8c
In base 2, what is -10100010 - -1001001011111100?
1001001001011010
In base 3, what is -211201012110001 + 1001?
-211201012102000
In base 9, what is -862705 - 0?
-862705
In base 8, what is -364454106 + -3?
-364454111
In base 5, what is 2020 + 30332322?
30334342
In base 3, what is -1 + -110010011002112?
-110010011002120
In base 13, what is 0 + 210c9b9?
210c9b9
In base 3, what is 1120 - -220100210212?
220100212102
In base 10, what is 72 - 121821?
-121749
In base 16, what is -de045b - -2?
-de0459
In base 12, what is 1a + 451601b?
4516039
In base 2, what is 1000011001111100111100 + 1100000?
1000011001111110011100
In base 15, what is 2460 - -1e?
247e
In base 16, what is -3675 - -64d?
-3028
In base 5, what is 2402211211 - 1?
2402211210
In base 4, what is 12000 - 30101323?
-30023323
In base 5, what is 3243 + -41213143?
-41204400
In base 15, what is -c86eead - 1?
-c86eeae
In base 5, what is -30 + 1424322433?
1424322403
In base 6, what is 2333 + 20